{"id":246,"date":"2024-05-28T10:31:45","date_gmt":"2024-05-28T10:31:45","guid":{"rendered":"https:\/\/lauraheigwer.de\/?page_id=246"},"modified":"2024-05-31T09:52:09","modified_gmt":"2024-05-31T09:52:09","slug":"elementor-246","status":"publish","type":"page","link":"https:\/\/lauraheigwer.de\/","title":{"rendered":"Startseite"},"content":{"rendered":"\t\t<div data-elementor-type=\"wp-page\" data-elementor-id=\"246\" class=\"elementor elementor-246\">\n\t\t\t\t<div class=\"elementor-element elementor-element-310f5ab e-flex e-con-boxed e-con e-parent\" data-id=\"310f5ab\" data-element_type=\"container\">\n\t\t\t\t\t<div class=\"e-con-inner\">\n\t\t\t\t<div class=\"elementor-element elementor-element-86dc415 elementor-widget elementor-widget-image\" data-id=\"86dc415\" data-element_type=\"widget\" data-widget_type=\"image.default\">\n\t\t\t\t<div class=\"elementor-widget-container\">\n\t\t\t<style>\/*! elementor - v3.21.0 - 26-05-2024 *\/\n.elementor-widget-image{text-align:center}.elementor-widget-image a{display:inline-block}.elementor-widget-image a img[src$=\".svg\"]{width:48px}.elementor-widget-image img{vertical-align:middle;display:inline-block}<\/style>\t\t\t\t\t\t\t\t\t\t<img fetchpriority=\"high\" decoding=\"async\" width=\"800\" height=\"534\" src=\"https:\/\/lauraheigwer.de\/wp-content\/uploads\/2023\/01\/Businessshoot-Debo-Hucht-2022_09_30-130-min-1024x683.jpg\" class=\"attachment-large size-large wp-image-182\" alt=\"Foto einer Seo-Expertin, die vor einer Wand mit Lichtreflektionen steht.\" srcset=\"https:\/\/lauraheigwer.de\/wp-content\/uploads\/2023\/01\/Businessshoot-Debo-Hucht-2022_09_30-130-min-1024x683.jpg 1024w, https:\/\/lauraheigwer.de\/wp-content\/uploads\/2023\/01\/Businessshoot-Debo-Hucht-2022_09_30-130-min-300x200.jpg 300w, https:\/\/lauraheigwer.de\/wp-content\/uploads\/2023\/01\/Businessshoot-Debo-Hucht-2022_09_30-130-min-768x512.jpg 768w, https:\/\/lauraheigwer.de\/wp-content\/uploads\/2023\/01\/Businessshoot-Debo-Hucht-2022_09_30-130-min-1536x1024.jpg 1536w\" sizes=\"(max-width: 800px) 100vw, 800px\" \/>\t\t\t\t\t\t\t\t\t\t\t\t\t<\/div>\n\t\t\t\t<\/div>\n\t\t\t\t\t<\/div>\n\t\t\t\t<\/div>\n\t\t<div class=\"elementor-element elementor-element-2cb0453 e-grid e-con-boxed e-con e-parent\" data-id=\"2cb0453\" data-element_type=\"container\">\n\t\t\t\t\t<div class=\"e-con-inner\">\n\t\t\t\t<div class=\"elementor-element elementor-element-4767b11 elementor-widget elementor-widget-text-editor\" data-id=\"4767b11\" data-element_type=\"widget\" data-widget_type=\"text-editor.default\">\n\t\t\t\t<div class=\"elementor-widget-container\">\n\t\t\t<style>\/*! elementor - v3.21.0 - 26-05-2024 *\/\n.elementor-widget-text-editor.elementor-drop-cap-view-stacked .elementor-drop-cap{background-color:#69727d;color:#fff}.elementor-widget-text-editor.elementor-drop-cap-view-framed .elementor-drop-cap{color:#69727d;border:3px solid;background-color:transparent}.elementor-widget-text-editor:not(.elementor-drop-cap-view-default) .elementor-drop-cap{margin-top:8px}.elementor-widget-text-editor:not(.elementor-drop-cap-view-default) .elementor-drop-cap-letter{width:1em;height:1em}.elementor-widget-text-editor .elementor-drop-cap{float:left;text-align:center;line-height:1;font-size:50px}.elementor-widget-text-editor .elementor-drop-cap-letter{display:inline-block}<\/style>\t\t\t\t<p>Du m\u00f6chtest, dass dein Unternehmen aus der Masse hervorsticht? Dass deine Pers\u00f6nlichkeit und die Einzigartigkeit deines Teams sichtbar werden? Genau hier komme ich ins Spiel.<\/p><p>Ich bin deine Fotografin f\u00fcr Personal Branding, Business- und Reportagefotografie. Mit meinem geschulten Blick und einem Gesp\u00fcr f\u00fcr das Besondere fange ich genau das ein, was dein Business einzigartig macht. Jede Aufnahme erz\u00e4hlt eine Geschichte, zeigt die Menschen hinter dem Business und setzt deine St\u00e4rken gekonnt in Szene.<\/p><p>Lass uns gemeinsam deine Individualit\u00e4t ins Rampenlicht r\u00fccken. Denn in einer Zeit, in der Authentizit\u00e4t und N\u00e4he entscheidend sind, kann ein ausdrucksstarkes Bild den Unterschied machen. Zeige deinen Kunden, wer du wirklich bist, und hebe dich mit professionellen, pers\u00f6nlichen Fotos von der Konkurrenz ab.<\/p><p>Mach den ersten Schritt und kontaktiere mich \u2013 zusammen schaffen wir Bilder, die nicht nur beeindrucken, sondern auch verbinden. <\/p>\t\t\t\t\t\t<\/div>\n\t\t\t\t<\/div>\n\t\t\t\t<div class=\"elementor-element elementor-element-3c9ec8b elementor-align-center elementor-widget elementor-widget-button\" data-id=\"3c9ec8b\" data-element_type=\"widget\" data-widget_type=\"button.default\">\n\t\t\t\t<div class=\"elementor-widget-container\">\n\t\t\t\t\t<div class=\"elementor-button-wrapper\">\n\t\t\t<a class=\"elementor-button elementor-button-link elementor-size-sm\" href=\"#\">\n\t\t\t\t\t\t<span class=\"elementor-button-content-wrapper\">\n\t\t\t\t\t\t\t\t\t<span class=\"elementor-button-text\">Shooting anfragen<\/span>\n\t\t\t\t\t<\/span>\n\t\t\t\t\t<\/a>\n\t\t<\/div>\n\t\t\t\t<\/div>\n\t\t\t\t<\/div>\n\t\t\t\t\t<\/div>\n\t\t\t\t<\/div>\n\t\t<div class=\"elementor-element elementor-element-90e2ffa e-grid e-con-boxed e-con e-parent\" data-id=\"90e2ffa\" data-element_type=\"container\">\n\t\t\t\t\t<div class=\"e-con-inner\">\n\t\t\t\t<div class=\"elementor-element elementor-element-8edb0a7 elementor-widget elementor-widget-image\" data-id=\"8edb0a7\" data-element_type=\"widget\" data-widget_type=\"image.default\">\n\t\t\t\t<div class=\"elementor-widget-container\">\n\t\t\t\t\t\t\t\t\t\t\t\t\t<img decoding=\"async\" width=\"683\" height=\"1024\" src=\"https:\/\/lauraheigwer.de\/wp-content\/uploads\/2023\/01\/Businessshoot-Debo-Hucht-2022_09_30-110-min-683x1024.jpg\" class=\"attachment-large size-large wp-image-177\" alt=\"Personal Brandfoto von Debo Hucht, Seo-Expertin\" srcset=\"https:\/\/lauraheigwer.de\/wp-content\/uploads\/2023\/01\/Businessshoot-Debo-Hucht-2022_09_30-110-min-683x1024.jpg 683w, https:\/\/lauraheigwer.de\/wp-content\/uploads\/2023\/01\/Businessshoot-Debo-Hucht-2022_09_30-110-min-200x300.jpg 200w, https:\/\/lauraheigwer.de\/wp-content\/uploads\/2023\/01\/Businessshoot-Debo-Hucht-2022_09_30-110-min-768x1152.jpg 768w, https:\/\/lauraheigwer.de\/wp-content\/uploads\/2023\/01\/Businessshoot-Debo-Hucht-2022_09_30-110-min-1024x1536.jpg 1024w, https:\/\/lauraheigwer.de\/wp-content\/uploads\/2023\/01\/Businessshoot-Debo-Hucht-2022_09_30-110-min-scaled.jpg 1707w\" sizes=\"(max-width: 683px) 100vw, 683px\" \/>\t\t\t\t\t\t\t\t\t\t\t\t\t<\/div>\n\t\t\t\t<\/div>\n\t\t\t\t<div class=\"elementor-element elementor-element-81025e6 elementor-widget elementor-widget-image\" data-id=\"81025e6\" data-element_type=\"widget\" data-widget_type=\"image.default\">\n\t\t\t\t<div class=\"elementor-widget-container\">\n\t\t\t\t\t\t\t\t\t\t\t\t\t<img decoding=\"async\" width=\"1286\" height=\"2048\" src=\"https:\/\/lauraheigwer.de\/wp-content\/uploads\/2019\/10\/Marlene_Bewerbungsfotos-10-e1716966996435-1286x2048.jpg\" class=\"attachment-2048x2048 size-2048x2048 wp-image-89\" alt=\"Personal Portrait Immobilienbranche\" srcset=\"https:\/\/lauraheigwer.de\/wp-content\/uploads\/2019\/10\/Marlene_Bewerbungsfotos-10-e1716966996435-1286x2048.jpg 1286w, https:\/\/lauraheigwer.de\/wp-content\/uploads\/2019\/10\/Marlene_Bewerbungsfotos-10-e1716966996435-188x300.jpg 188w, https:\/\/lauraheigwer.de\/wp-content\/uploads\/2019\/10\/Marlene_Bewerbungsfotos-10-e1716966996435-768x1223.jpg 768w, https:\/\/lauraheigwer.de\/wp-content\/uploads\/2019\/10\/Marlene_Bewerbungsfotos-10-e1716966996435-643x1024.jpg 643w, https:\/\/lauraheigwer.de\/wp-content\/uploads\/2019\/10\/Marlene_Bewerbungsfotos-10-e1716966996435-965x1536.jpg 965w\" sizes=\"(max-width: 1286px) 100vw, 1286px\" \/>\t\t\t\t\t\t\t\t\t\t\t\t\t<\/div>\n\t\t\t\t<\/div>\n\t\t\t\t<div class=\"elementor-element elementor-element-87a1e95 elementor-widget elementor-widget-image\" data-id=\"87a1e95\" data-element_type=\"widget\" data-widget_type=\"image.default\">\n\t\t\t\t<div class=\"elementor-widget-container\">\n\t\t\t\t\t\t\t\t\t\t\t\t\t<img loading=\"lazy\" decoding=\"async\" width=\"683\" height=\"1024\" src=\"https:\/\/lauraheigwer.de\/wp-content\/uploads\/2019\/10\/Angie_Hafencity-40-683x1024.jpg\" class=\"attachment-large size-large wp-image-79\" alt=\"Personal Portrait einer Musical-Darstellerin\" srcset=\"https:\/\/lauraheigwer.de\/wp-content\/uploads\/2019\/10\/Angie_Hafencity-40-683x1024.jpg 683w, https:\/\/lauraheigwer.de\/wp-content\/uploads\/2019\/10\/Angie_Hafencity-40-200x300.jpg 200w, https:\/\/lauraheigwer.de\/wp-content\/uploads\/2019\/10\/Angie_Hafencity-40-768x1152.jpg 768w, https:\/\/lauraheigwer.de\/wp-content\/uploads\/2019\/10\/Angie_Hafencity-40.jpg 1365w\" sizes=\"(max-width: 683px) 100vw, 683px\" \/>\t\t\t\t\t\t\t\t\t\t\t\t\t<\/div>\n\t\t\t\t<\/div>\n\t\t\t\t\t<\/div>\n\t\t\t\t<\/div>\n\t\t<div class=\"elementor-element elementor-element-dfc6c99 e-flex e-con-boxed e-con e-parent\" data-id=\"dfc6c99\" data-element_type=\"container\">\n\t\t\t\t\t<div class=\"e-con-inner\">\n\t\t<div class=\"elementor-element elementor-element-2a8d0fe e-con-full e-flex e-con e-child\" data-id=\"2a8d0fe\" data-element_type=\"container\">\n\t\t\t\t<div class=\"elementor-element elementor-element-c993017 elementor-widget elementor-widget-image\" data-id=\"c993017\" data-element_type=\"widget\" data-widget_type=\"image.default\">\n\t\t\t\t<div class=\"elementor-widget-container\">\n\t\t\t\t\t\t\t\t\t\t\t\t\t<img decoding=\"async\" src=\"https:\/\/lauraheigwer.de\/wp-content\/uploads\/2024\/05\/JessiandSebastian__23A5717_MallorcaMastermind2024_TheTeamandTheVilla_1327-scaled.jpg\" title=\"Mallorca Mastermind 2024\" alt=\"Portrait der Fotografin Laura Heigwer\" loading=\"lazy\" \/>\t\t\t\t\t\t\t\t\t\t\t\t\t<\/div>\n\t\t\t\t<\/div>\n\t\t\t\t<\/div>\n\t\t<div class=\"elementor-element elementor-element-288595d e-con-full e-flex e-con e-child\" data-id=\"288595d\" data-element_type=\"container\">\n\t\t<div class=\"elementor-element elementor-element-cb0e416 e-flex e-con-boxed e-con e-child\" data-id=\"cb0e416\" data-element_type=\"container\">\n\t\t\t\t\t<div class=\"e-con-inner\">\n\t\t\t\t<div class=\"elementor-element elementor-element-96221e0 elementor-widget elementor-widget-text-editor\" data-id=\"96221e0\" data-element_type=\"widget\" data-widget_type=\"text-editor.default\">\n\t\t\t\t<div class=\"elementor-widget-container\">\n\t\t\t\t\t\t\t<p>Hallo! Ich bin Laura, und meine Leidenschaft ist es, Menschen in ihrer authentischsten Form zu fotografieren. Als Fotografin f\u00fcr Personal Brand und Businessfotografie liebe ich es, die Geschichten und die Hingabe meiner Kunden in lebendigen Reportagen festzuhalten.<\/p><p>Meine einf\u00fchlsame und nahbare Art schafft eine vertrauensvolle Umgebung, in der sich meine Kunden wohlf\u00fchlen und entfalten k\u00f6nnen. Dadurch entstehen Bilder, die nicht nur professionell, sondern auch zutiefst pers\u00f6nlich sind.<\/p><p>Ich glaube fest daran, dass Achtsamkeit und Selbstreflexion essenziell sind \u2013 sowohl im Leben als auch in der Fotografie. Diese Werte bringe ich in jede Fotosession ein, um sicherzustellen, dass sich meine Kunden gesehen und gesch\u00e4tzt f\u00fchlen.<\/p><p>Lasst uns gemeinsam Momente festhalten, die deine Geschichte erz\u00e4hlen und deine Pers\u00f6nlichkeit strahlen lassen!<\/p>\t\t\t\t\t\t<\/div>\n\t\t\t\t<\/div>\n\t\t\t\t\t<\/div>\n\t\t\t\t<\/div>\n\t\t<div class=\"elementor-element elementor-element-3211c09 e-flex e-con-boxed e-con e-child\" data-id=\"3211c09\" data-element_type=\"container\">\n\t\t\t\t\t<div class=\"e-con-inner\">\n\t\t\t\t<div class=\"elementor-element elementor-element-d9db42e elementor-align-center elementor-widget elementor-widget-button\" data-id=\"d9db42e\" data-element_type=\"widget\" data-widget_type=\"button.default\">\n\t\t\t\t<div class=\"elementor-widget-container\">\n\t\t\t\t\t<div class=\"elementor-button-wrapper\">\n\t\t\t<a class=\"elementor-button elementor-button-link elementor-size-sm\" href=\"#\">\n\t\t\t\t\t\t<span class=\"elementor-button-content-wrapper\">\n\t\t\t\t\t\t\t\t\t<span class=\"elementor-button-text\">Mehr zu mir<\/span>\n\t\t\t\t\t<\/span>\n\t\t\t\t\t<\/a>\n\t\t<\/div>\n\t\t\t\t<\/div>\n\t\t\t\t<\/div>\n\t\t\t\t\t<\/div>\n\t\t\t\t<\/div>\n\t\t\t\t<\/div>\n\t\t\t\t\t<\/div>\n\t\t\t\t<\/div>\n\t\t<div class=\"elementor-element elementor-element-52b8f23 e-flex e-con-boxed e-con e-parent\" data-id=\"52b8f23\" data-element_type=\"container\">\n\t\t\t\t\t<div class=\"e-con-inner\">\n\t\t\t\t<div class=\"elementor-element elementor-element-34e77e4 elementor-widget elementor-widget-heading\" data-id=\"34e77e4\" data-element_type=\"widget\" data-widget_type=\"heading.default\">\n\t\t\t\t<div class=\"elementor-widget-container\">\n\t\t\t<style>\/*! elementor - v3.21.0 - 26-05-2024 *\/\n.elementor-heading-title{padding:0;margin:0;line-height:1}.elementor-widget-heading .elementor-heading-title[class*=elementor-size-]>a{color:inherit;font-size:inherit;line-height:inherit}.elementor-widget-heading .elementor-heading-title.elementor-size-small{font-size:15px}.elementor-widget-heading .elementor-heading-title.elementor-size-medium{font-size:19px}.elementor-widget-heading .elementor-heading-title.elementor-size-large{font-size:29px}.elementor-widget-heading .elementor-heading-title.elementor-size-xl{font-size:39px}.elementor-widget-heading .elementor-heading-title.elementor-size-xxl{font-size:59px}<\/style><h2 class=\"elementor-heading-title elementor-size-default\">Warum Personal Brand-Fotos?<\/h2>\t\t<\/div>\n\t\t\t\t<\/div>\n\t\t\t\t\t<\/div>\n\t\t\t\t<\/div>\n\t\t<div class=\"elementor-element elementor-element-251dc6b e-flex e-con-boxed e-con e-parent\" data-id=\"251dc6b\" data-element_type=\"container\">\n\t\t\t\t\t<div class=\"e-con-inner\">\n\t\t\t\t<div class=\"elementor-element elementor-element-fb6b953 elementor-widget elementor-widget-text-editor\" data-id=\"fb6b953\" data-element_type=\"widget\" data-widget_type=\"text-editor.default\">\n\t\t\t\t<div class=\"elementor-widget-container\">\n\t\t\t\t\t\t\t<p>Ganz einfach: Sie machen den Unterschied. In einer Welt voller \u00dcberangebote kommt es nicht darauf an, was ich kaufe, sondern von wem! Das jemand in seinem Beruf kompetent ist, davon gehe ich einfach mal aus. Aber nicht mit jeder Person die kompetent ist, m\u00f6chte ich auch zusammen arbeiten. IHR macht den Unterschied. In dem ihr euren Kund:innen nicht irgendwelche Stockbilder zeigt, sondern euch wer ihr seid und wie ihr arbeitet bringt ihr eine eomtionale Komponente ins Spiel und die ist oft so viel wichtiger als Rationalit\u00e4t. Lasst uns gemeinsam die sch\u00f6nsten Bilder von euch zaubern!<\/p>\t\t\t\t\t\t<\/div>\n\t\t\t\t<\/div>\n\t\t\t\t\t<\/div>\n\t\t\t\t<\/div>\n\t\t<div class=\"elementor-element elementor-element-0a4ec2d e-flex e-con-boxed e-con e-parent\" data-id=\"0a4ec2d\" data-element_type=\"container\">\n\t\t\t\t\t<div class=\"e-con-inner\">\n\t\t<div class=\"elementor-element elementor-element-d82746f e-con-full e-flex e-con e-child\" data-id=\"d82746f\" data-element_type=\"container\">\n\t\t\t\t<div class=\"elementor-element elementor-element-d686e23 elementor-widget elementor-widget-image\" data-id=\"d686e23\" data-element_type=\"widget\" data-widget_type=\"image.default\">\n\t\t\t\t<div class=\"elementor-widget-container\">\n\t\t\t\t\t\t\t\t\t\t\t\t\t<img loading=\"lazy\" decoding=\"async\" width=\"800\" height=\"533\" src=\"https:\/\/lauraheigwer.de\/wp-content\/uploads\/2023\/01\/Businessshoot-Maike-Blomeier12_2022-48-min.jpg\" class=\"attachment-large size-large wp-image-223\" alt=\"Texterin Maike Blomeier ausgelassen beim Shooting\" srcset=\"https:\/\/lauraheigwer.de\/wp-content\/uploads\/2023\/01\/Businessshoot-Maike-Blomeier12_2022-48-min.jpg 5378w, https:\/\/lauraheigwer.de\/wp-content\/uploads\/2023\/01\/Businessshoot-Maike-Blomeier12_2022-48-min-300x200.jpg 300w\" sizes=\"(max-width: 800px) 100vw, 800px\" \/>\t\t\t\t\t\t\t\t\t\t\t\t\t<\/div>\n\t\t\t\t<\/div>\n\t\t\t\t<\/div>\n\t\t<div class=\"elementor-element elementor-element-3f1da9a e-con-full e-flex e-con e-child\" data-id=\"3f1da9a\" data-element_type=\"container\">\n\t\t\t\t<div class=\"elementor-element elementor-element-6d616fb elementor-widget elementor-widget-image\" data-id=\"6d616fb\" data-element_type=\"widget\" data-widget_type=\"image.default\">\n\t\t\t\t<div class=\"elementor-widget-container\">\n\t\t\t\t\t\t\t\t\t\t\t\t\t<img loading=\"lazy\" decoding=\"async\" width=\"800\" height=\"534\" src=\"https:\/\/lauraheigwer.de\/wp-content\/uploads\/2023\/01\/Businessshoot-Debo-Hucht-2022_09_30-170-min-1024x683.jpg\" class=\"attachment-large size-large wp-image-185\" alt=\"sitzendes Portrait der Seo- Expertin Debo Hucht\" srcset=\"https:\/\/lauraheigwer.de\/wp-content\/uploads\/2023\/01\/Businessshoot-Debo-Hucht-2022_09_30-170-min-1024x683.jpg 1024w, https:\/\/lauraheigwer.de\/wp-content\/uploads\/2023\/01\/Businessshoot-Debo-Hucht-2022_09_30-170-min-300x200.jpg 300w, https:\/\/lauraheigwer.de\/wp-content\/uploads\/2023\/01\/Businessshoot-Debo-Hucht-2022_09_30-170-min-768x512.jpg 768w, https:\/\/lauraheigwer.de\/wp-content\/uploads\/2023\/01\/Businessshoot-Debo-Hucht-2022_09_30-170-min-1536x1024.jpg 1536w, https:\/\/lauraheigwer.de\/wp-content\/uploads\/2023\/01\/Businessshoot-Debo-Hucht-2022_09_30-170-min-2048x1365.jpg 2048w\" sizes=\"(max-width: 800px) 100vw, 800px\" \/>\t\t\t\t\t\t\t\t\t\t\t\t\t<\/div>\n\t\t\t\t<\/div>\n\t\t\t\t<\/div>\n\t\t<div class=\"elementor-element elementor-element-ee8f992 e-con-full e-flex e-con e-child\" data-id=\"ee8f992\" data-element_type=\"container\">\n\t\t\t\t<div class=\"elementor-element elementor-element-d0bc82b elementor-widget elementor-widget-image\" data-id=\"d0bc82b\" data-element_type=\"widget\" data-widget_type=\"image.default\">\n\t\t\t\t<div class=\"elementor-widget-container\">\n\t\t\t\t\t\t\t\t\t\t\t\t\t<img loading=\"lazy\" decoding=\"async\" width=\"800\" height=\"534\" src=\"https:\/\/lauraheigwer.de\/wp-content\/uploads\/2024\/05\/Businessreportage-Mandy-51-min-1024x683.jpg\" class=\"attachment-large size-large wp-image-258\" alt=\"Event-Floristin Mandy beim binden eines Traubogens\" srcset=\"https:\/\/lauraheigwer.de\/wp-content\/uploads\/2024\/05\/Businessreportage-Mandy-51-min-1024x683.jpg 1024w, https:\/\/lauraheigwer.de\/wp-content\/uploads\/2024\/05\/Businessreportage-Mandy-51-min-300x200.jpg 300w, https:\/\/lauraheigwer.de\/wp-content\/uploads\/2024\/05\/Businessreportage-Mandy-51-min-768x512.jpg 768w, https:\/\/lauraheigwer.de\/wp-content\/uploads\/2024\/05\/Businessreportage-Mandy-51-min-1536x1024.jpg 1536w, https:\/\/lauraheigwer.de\/wp-content\/uploads\/2024\/05\/Businessreportage-Mandy-51-min-2048x1365.jpg 2048w\" sizes=\"(max-width: 800px) 100vw, 800px\" \/>\t\t\t\t\t\t\t\t\t\t\t\t\t<\/div>\n\t\t\t\t<\/div>\n\t\t\t\t<\/div>\n\t\t<div class=\"elementor-element elementor-element-01605ac e-con-full e-flex e-con e-child\" data-id=\"01605ac\" data-element_type=\"container\">\n\t\t\t\t<div class=\"elementor-element elementor-element-ee63fc4 elementor-widget elementor-widget-image\" data-id=\"ee63fc4\" data-element_type=\"widget\" data-widget_type=\"image.default\">\n\t\t\t\t<div class=\"elementor-widget-container\">\n\t\t\t\t\t\t\t\t\t\t\t\t\t<img loading=\"lazy\" decoding=\"async\" width=\"800\" height=\"534\" src=\"https:\/\/lauraheigwer.de\/wp-content\/uploads\/2022\/01\/2021_11_Daniela_Diosegi_final-1-1024x683.jpg\" class=\"attachment-large size-large wp-image-116\" alt=\"Coach Daniela Diosegi beim Brand Shooting f\u00fcr Ihre Website\" srcset=\"https:\/\/lauraheigwer.de\/wp-content\/uploads\/2022\/01\/2021_11_Daniela_Diosegi_final-1-1024x683.jpg 1024w, https:\/\/lauraheigwer.de\/wp-content\/uploads\/2022\/01\/2021_11_Daniela_Diosegi_final-1-300x200.jpg 300w, https:\/\/lauraheigwer.de\/wp-content\/uploads\/2022\/01\/2021_11_Daniela_Diosegi_final-1-768x512.jpg 768w, https:\/\/lauraheigwer.de\/wp-content\/uploads\/2022\/01\/2021_11_Daniela_Diosegi_final-1-1536x1024.jpg 1536w, https:\/\/lauraheigwer.de\/wp-content\/uploads\/2022\/01\/2021_11_Daniela_Diosegi_final-1-2048x1365.jpg 2048w\" sizes=\"(max-width: 800px) 100vw, 800px\" \/>\t\t\t\t\t\t\t\t\t\t\t\t\t<\/div>\n\t\t\t\t<\/div>\n\t\t\t\t<\/div>\n\t\t<div class=\"elementor-element elementor-element-7d95a2b e-con-full e-flex e-con e-child\" data-id=\"7d95a2b\" data-element_type=\"container\">\n\t\t\t\t<div class=\"elementor-element elementor-element-6ce81d5 elementor-widget elementor-widget-image\" data-id=\"6ce81d5\" data-element_type=\"widget\" data-widget_type=\"image.default\">\n\t\t\t\t<div class=\"elementor-widget-container\">\n\t\t\t\t\t\t\t\t\t\t\t\t\t<img loading=\"lazy\" decoding=\"async\" width=\"800\" height=\"534\" src=\"https:\/\/lauraheigwer.de\/wp-content\/uploads\/2024\/05\/Viktor_Workshop_03.11.19-2-min-1024x683.jpg\" class=\"attachment-large size-large wp-image-262\" alt=\"Portrait von Viktor entstanden auf einem Workshop von Stefan Roehl\" srcset=\"https:\/\/lauraheigwer.de\/wp-content\/uploads\/2024\/05\/Viktor_Workshop_03.11.19-2-min-1024x683.jpg 1024w, https:\/\/lauraheigwer.de\/wp-content\/uploads\/2024\/05\/Viktor_Workshop_03.11.19-2-min-300x200.jpg 300w, https:\/\/lauraheigwer.de\/wp-content\/uploads\/2024\/05\/Viktor_Workshop_03.11.19-2-min-768x512.jpg 768w, https:\/\/lauraheigwer.de\/wp-content\/uploads\/2024\/05\/Viktor_Workshop_03.11.19-2-min-1536x1024.jpg 1536w\" sizes=\"(max-width: 800px) 100vw, 800px\" \/>\t\t\t\t\t\t\t\t\t\t\t\t\t<\/div>\n\t\t\t\t<\/div>\n\t\t\t\t<\/div>\n\t\t<div class=\"elementor-element elementor-element-1eac39e e-con-full e-flex e-con e-child\" data-id=\"1eac39e\" data-element_type=\"container\">\n\t\t\t\t<div class=\"elementor-element elementor-element-7bb8241 elementor-widget elementor-widget-image\" data-id=\"7bb8241\" data-element_type=\"widget\" data-widget_type=\"image.default\">\n\t\t\t\t<div class=\"elementor-widget-container\">\n\t\t\t\t\t\t\t\t\t\t\t\t\t<img loading=\"lazy\" decoding=\"async\" width=\"800\" height=\"534\" src=\"https:\/\/lauraheigwer.de\/wp-content\/uploads\/2022\/01\/2021_06_Reportage-Hormontherapeutin-3-min-1024x683.jpg\" class=\"attachment-large size-large wp-image-159\" alt=\"\" srcset=\"https:\/\/lauraheigwer.de\/wp-content\/uploads\/2022\/01\/2021_06_Reportage-Hormontherapeutin-3-min-1024x683.jpg 1024w, https:\/\/lauraheigwer.de\/wp-content\/uploads\/2022\/01\/2021_06_Reportage-Hormontherapeutin-3-min-300x200.jpg 300w, https:\/\/lauraheigwer.de\/wp-content\/uploads\/2022\/01\/2021_06_Reportage-Hormontherapeutin-3-min-768x512.jpg 768w, https:\/\/lauraheigwer.de\/wp-content\/uploads\/2022\/01\/2021_06_Reportage-Hormontherapeutin-3-min-1536x1024.jpg 1536w, https:\/\/lauraheigwer.de\/wp-content\/uploads\/2022\/01\/2021_06_Reportage-Hormontherapeutin-3-min.jpg 2048w\" sizes=\"(max-width: 800px) 100vw, 800px\" \/>\t\t\t\t\t\t\t\t\t\t\t\t\t<\/div>\n\t\t\t\t<\/div>\n\t\t\t\t<\/div>\n\t\t\t\t\t<\/div>\n\t\t\t\t<\/div>\n\t\t\t\t<\/div>\n\t\t","protected":false},"excerpt":{"rendered":"<p>Du m\u00f6chtest, dass dein Unternehmen aus der Masse hervorsticht? Dass deine Pers\u00f6nlichkeit und die Einzigartigkeit deines Teams sichtbar werden? Genau hier komme ich ins Spiel. Ich bin deine Fotografin f\u00fcr Personal Branding, Business- und Reportagefotografie. Mit meinem geschulten Blick und einem Gesp\u00fcr f\u00fcr das Besondere fange ich genau das ein, was dein Business einzigartig macht. [&hellip;]<\/p>\n","protected":false},"author":1,"featured_media":0,"parent":0,"menu_order":0,"comment_status":"closed","ping_status":"closed","template":"","meta":{"footnotes":""},"_links":{"self":[{"href":"https:\/\/lauraheigwer.de\/index.php?rest_route=\/wp\/v2\/pages\/246"}],"collection":[{"href":"https:\/\/lauraheigwer.de\/index.php?rest_route=\/wp\/v2\/pages"}],"about":[{"href":"https:\/\/lauraheigwer.de\/index.php?rest_route=\/wp\/v2\/types\/page"}],"author":[{"embeddable":true,"href":"https:\/\/lauraheigwer.de\/index.php?rest_route=\/wp\/v2\/users\/1"}],"replies":[{"embeddable":true,"href":"https:\/\/lauraheigwer.de\/index.php?rest_route=%2Fwp%2Fv2%2Fcomments&post=246"}],"version-history":[{"count":14,"href":"https:\/\/lauraheigwer.de\/index.php?rest_route=\/wp\/v2\/pages\/246\/revisions"}],"predecessor-version":[{"id":271,"href":"https:\/\/lauraheigwer.de\/index.php?rest_route=\/wp\/v2\/pages\/246\/revisions\/271"}],"wp:attachment":[{"href":"https:\/\/lauraheigwer.de\/index.php?rest_route=%2Fwp%2Fv2%2Fmedia&parent=246"}],"curies":[{"name":"wp","href":"https:\/\/api.w.org\/{rel}","templated":true}]}}